q + 1160. What is t(10)?
10
Let o(f) = 2*f**2 + 40*f - 5. Give o(-4).
-133
Let q(m) = -m**3 + 41*m**2 + 3*m - 61. Give q(41).
62
Let t(b) = -228*b + 1370. Calculate t(6).
2
Let g(m) = 318*m - 1623. Calculate g(5).
-33
Let b(d) = 1066*d + 127922. What is b(-120)?
2
Let r(d) = -81*d - 101. Calculate r(-3).
142
Let r(t) = 4*t**2 + 4*t - 54. Calculate r(3).
-6
Let s(v) = 12*v**2 + 67*v + 6. What is s(-5)?
-29
Let t(u) = -18*u**2 + 8*u + 2. Determine t(3).
-136
Let c(g) = -73*g**2 - 4238*g - 236. Give c(-58).
-4
Let p(f) = f**2 - 1025*f - 10349. Determine p(-10).
1
Let r(k) = -26*k**2 - 125*k + 660. Calculate r(-8).
-4
Let y(o) = -o**2 + 35*o + 4151. Determine y(-49).
35
Let h(s) = -14*s**2 + 179*s + 31. What is h(13)?
-8
Let q(c) = 2*c**2 - 58*c - 510. Calculate q(-7).
-6
Let a(f) = -4*f**2 + 88*f + 538. Calculate a(27).
-2
Let z(x) = 10*x**2 - 274*x + 362. What is z(26)?
-2
Let z(g) = g**2 + 17*g + 50. What is z(-7)?
-20
Let m(d) = 309*d - 18219. Calculate m(59).
12
Let q(d) = d**3 - 18*d**2 + 31*d + 5. Calculate q(16).
-11
Let s(c) = -c**3 - 3*c**2 - 31*c - 16. Calculate s(-7).
397
Let n(x) = -2*x**3 - 64*x**2 - 483*x - 36. Give n(-12).
0
Let a(z) = -z**3 + 11*z**2 + 150*z + 32. What is a(19)?
-6
Let h(z) = -3*z**3 - 13*z**2 + 45*z + 170. Determine h(-5).
-5
Let b(x) = 46*x**3 + 4*x**2 - 49*x - 101. Calculate b(-2).
-355
Let s(g) = 38*g - 383. Give s(8).
-79
Let c(s) = s**3 - s**2 + 42*s - 78. What is c(0)?
-78
Let m(f) = 444*f + 3983. What is m(-9)?
-13
Let z(r) = -46*r**3 - 3*r**2 + 10*r + 11. Calculate z(-1).
44
Let x(g) = 4*g**2 + 265*g - 468. Give x(-68).
8
Let q(g) = -g**3 + 36*g**2 + 242*g - 7587. What is q(37)?
-2
Let q(o) = -1702*o + 13623. Calculate q(8).
7
Let g(x) = x**3 - x**2 + 14*x + 12. Calculate g(0).
12
Let b(f) = 6*f - 81. Give b(14).
3
Let v(l) = l**2 - 42*l + 163. Give v(39).
46
Let v(i) = i**2 + 174*i + 77. Calculate v(0).
77
Let g(m) = -6*m**2 - 204*m - 203. Determine g(-1).
-5
Let r(k) = 326*k - 13351. Give r(41).
15
Let o(d) = 79*d + 381. Determine o(-5).
-14
Let g(a) = -482*a + 17792. Determine g(37).
-42
Let k(i) = i**3 - 14*i**2 + 31*i. Give k(11).
-22
Let t(z) = z**3 + 42*z**2 + 426*z + 59. Determine t(-18).
167
Let v(r) = -52*r - 91. Give v(-2).
13
Let r(t) = 21*t + 239. Determine r(-11).
8
Let w(a) = -3*a**3 + 85*a**2 - 550*a + 10. Determine w(10).
10
Let y(h) = -h**3 + 43*h**2 + 11*h - 18. What is y(43)?
455
Let i(x) = 2*x**2 - 51*x - 5. What is i(26)?
21
Let a(r) = 17*r - 677. Give a(40).
3
Let m(c) = 265*c - 27. What is m(2)?
503
Let n(h) = h**3 - 22*h**2 - 2*h + 1. Calculate n(0).
1
Let q(i) = -39*i**2 - 161*i - 329. Give q(-2).
-163
Let y(t) = t**3 - 103*t**2 - 206*t - 415. Give y(105).
5
Let z(r) = 301*r + 233. What is z(-1)?
-68
Let v(h) = 4*h**2 - 66*h + 250. Determine v(10).
-10
Let k(t) = -48*t + 219. Calculate k(6).
-69
Let r(a) = a**3 + 7*a**2 - 13*a - 16. Calculate r(-9).
-61
Let c(z) = 18*z - 258. Give c(28).
246
Let x(d) = -133*d + 1461. What is x(11)?
-2
Let y(c) = 2*c**2 + 382*c + 1500. Calculate y(-4).
4
Let t(u) = -u**3 + 40*u**2 + 920*u + 381. Calculate t(-16).
-3
Let o(k) = 430*k**2 - 6877*k - 45. Determine o(16).
3
Let b(x) = x**2 + 445*x + 3923. Determine b(-9).
-1
Let f(t) = 218*t**2 + 1310*t + 6. Calculate f(-6).
-6
Let b(x) = 3*x**3 + 13*x**2 + 7*x + 8. Give b(-4).
-4
Let r(v) = 8*v**3 + 111*v**2 - 18*v - 6. Determine r(-14).
50
Let p(o) = -o**2 + 248*o - 9903. What is p(198)?
-3
Let f(h) = 1416*h - 5596. Determine f(4).
68
Let f(i) = -143*i**2 - 715*i + 11. Give f(-5).
11
Let m(v) = 2*v**2 + 2*v - 81. Give m(-8).
31
Let p(j) = -7*j**3 + 35*j**2 + 65*j - 3. Determine p(-2).
63
Let p(c) = -c**3 + 179*c**2 - 91*c - 15403. What is p(178)?
83
Let g(p) = 26*p - 2017. Give g(77).
-15
Let g(j) = j**2 - 32*j - 4363. What is g(-52)?
5
Let v(n) = 273*n - 16660. Determine v(61).
-7
Let k(r) = -2*r**2 + 6*r - 12. Calculate k(5).
-32
Let b(r) = r**3 - r**2 + 10*r + 27. Calculate b(-2).
-5
Let i(d) = 2*d**2 + 51*d + 196. Determine i(-18).
-74
Let b(h) = -2*h**2 - 23*h + 1126. Give b(-30).
16
Let t(v) = v**2 + 24*v - 337. Give t(-35).
48
Let f(i) = -i**3 + 41*i**2 + 87*i - 63. Calculate f(43).
-20
Let s(h) = -2*h**2 + 3*h + 23. Calculate s(5).
-12
Let a(i) = -i**3 - 5*i**2 - 227*i - 698. Calculate a(-3).
-35
Let q(p) = 117*p - 3076. Calculate q(26).
-34
Let b(l) = -l**2 - 18*l - 77. What is b(-8)?
3
Let g(l) = 10*l + 177. Determine g(-41).
-233
Let d(q) = q**3 - 3*q**2 + 365*q - 1878. Determine d(5).
-3
Let p(o) = -273*o + 9796. What is p(36)?
-32
Let g(b) = b**2 + 19*b - 585. Determine g(-34).
-75
Let n(i) = 3*i**3 - 116*i**2 + 387*i - 80. Give n(35).
-10
Let u(n) = -16*n**2 - 337*n - 32. Calculate u(-21).
-11
Let h(d) = d**3 - 12*d**2 - 85*d + 10. Determine h(17).
10
Let u(r) = -r**2 + 7*r - 26. Determine u(6).
-20
Let m(v) = v**3 - 35*v**2 - 949*v - 281. Calculate m(53).
-16
Let g(a) = 14*a + 58. Give g(-4).
2
Let r(h) = h**2 + 83*h - 6079. Calculate r(47).
31
Let k(i) = -2982*i + 14900. Calculate k(5).
-10
Let o(j) = 8*j**3 + 82*j**2 + 25*j + 10. Give o(-10).
-40
Let f(w) = -3*w**2 - 299*w - 659. Calculate f(-97).
117
Let t(a) = 30*a - 2124. Give t(71).
6
Let n(p) = 19*p**2 - 278*p + 257. Calculate n(1).
-2
Let b(c) = 12*c + 1408. What is b(-118)?
-8
Let t(z) = 325*z - 59137. What is t(182)?
13
Let d(x) = -x**2 - 15*x + 110. What is d(6)?
-16
Let u(g) = 18*g**2 - 11*g + 16. What is u(2)?
66
Let u(z) = -3*z**2 - 216*z - 3828. Determine u(-33).
33
Let s(c) = 18*c**2 - 472*c - 35. Give s(24).
-995
Let w(x) = -184*x + 2878. What is w(16)?
-66
Let s(o) = -o**2 + 352*o - 30250. Determine s(203).
-3
Let h(u) = 233*u**2 - 2790*u - 41. What is h(12)?
31
Let m(t) = 17*t**2 + 205*t - 1441. Calculate m(5).
9
Let f(s) = s**2 - 32*s - 2244. What is f(-34)?
0
Let y(b) = -b**3 - 8*b**2 + 2*b + 14. Determine y(-5).
-71
Let d(p) = -2*p**3 + 54*p**2 - 121*p + 6. Calculate d(25).
-519
Let q(u) = -22*u + 238. Give q(-16).
590
Let y(v) = 3*v**3 - 3*v**2 + 13*v - 45. Determine y(4).
151
Let n(r) = r**3 + 4*r**2 + 10*r + 55. Calculate n(-5).
-20
Let q(p) = p**2 + 307*p - 3484. Determine q(11).
14
Let q(d) = -5*d**2 - 60*d - 88. Calculate q(-10).
12
Let s(c) = -4*c**3 - 3*c**2 - 8*c + 14. Give s(-4).
254
Let x(z) = -4*z**2 + 7*z + 12. Calculate x(0).
12
Let b(g) = g**3 + 14*g**2 - 86*g - 232. What is b(-18)?
20
Let t(k) = -k**3 + 2*k**2 + 17*k - 49. Give t(3).
-7
Let z(v) = -v**3 + 41*v**2 - 415*v + 17. Calculate z(23).
-6
Let b(p) = -214*p - 5786. Calculate b(-27).
-8
Let i(l) = 49*l**2 - 349*l + 47. What is i(7)?
5
Let n(f) = -11*f**2 - 657*f + 175. Give n(-60).
-5
Let j(z) = z**2 + 16*z + 52. Determine j(-3).
13
Let a(f) = 2*f**2 - 24*f - 2. Determine a(2).
-42
Let n(u) = -u**2 - 66*u - 243. Give n(-4).
5
Let c(k) = 715*k + 2857. Give c(-4).
-3
Let p(z) = -6*z**2 - 86*z - 30. Calculate p(-14).
-2
Let z(v) = 2*v**2 - 25*v + 116. Calculate z(8).
44
Let v(y) = y**3 - 9*y**2 - 84*y - 66. Determine v(-5).
4
Let o(m) = 5*m**3 - 6*m**2 + 5*m + 7. Calculate o(3).
103
Let w(n) = 3*n**3 - 141*n**2 + 154*n - 748. Determine w(46).
-12
Let z(b) = 222*b + 701. Calculate z(-3).
35
Let n(k) = -1041*k + 147839. Determine n(142).
17
Let m(q) = -q**3 - 11*q**2 + 2*q + 64. Calculate m(-11).
42
Let o(g) = -g**3 + 13*g**2 + 83*g - 1100. What is o(13)?
-21
Let l(j) = -j**3 + 156*j**2 - 360*j + 8013. Calculate l(154).
5
Let m(q) = -2*q**2 - 25*q + 357. Calculate m(11).
-160
Let o(l) = 182*l**3 + 3*l**2 - 56*l + 110. Give o(2).
1466
Let g(o) = o**3 - 15*o**2 - 23*o + 23. Give g(16).
-89
Let l(s) = -21*s**2 - 127*s - 13. Give l(-6).
-7
Let q(i) = 3*i**3 + 218*i**2 - 69*i + 65. Give q(-73).
-227
Let u(x) = x**3 + 29*x**2 + 99*x - 29. Determine u(-25).
-4
Let u(c) = -2*c**3 - 7*c**2 + 11*c + 2. Determine u(2).
-20
Let y(j) = 4*j**3 - 6*j**2 + 16*j + 27. Calculate y(6).
771
Let y(o) = 2*o**2 - 27378*o - 27377. Calculate y(-1).
3
Let s(k) = -33*k**2 - 1416*k + 118. Calculate s(-43).
-11
Let j(n) = -1997*n - 11969. Determine j(-6).
13
Let m(k) = 5*k**2 + 41*k + 8. What is m(-8)?
0
Let x(h) = h**3 - 7*h**2 + 12*h + 66. Determine x(-3).
-60
Let x(z) = 83*z - 3277. Determine x(36).
-289
Let i(g) = 148*g - 3014. Determine i(18).
-350
Let c(n) = n**3 + 4*n**2 - 2*n - 27. Give c(-8).
-267
Let y(t) = 44*t**3 + 532*t**2 + 45*t + 19. Give y(-12).
55
Let x(